*2. What is d(5)?
-1
Let y = -8 + 12. Let m(a) = a**2 - y*a + 2 - 4 - 1 - 4. Calculate m(5).
-2
Let w(b) = b**3 + 4*b**2 - b - 2. Suppose -k - 17*k - 72 = 0. Determine w(k).
2
Let i(h) = -h**2 - 5*h - 2. Let g be i(-4). Let y(c) = c**3 + 5*c**g + 0*c**2 - 2*c - 3*c + 1 + 4*c. Calculate y(-5).
6
Let k(q) = -3*q**3 + q**2 + q + 1. Let h(p) be the third derivative of -p**4/12 - 5*p**3/3 - p**2. Let r be h(-7). Suppose -5 = r*j - 1. Give k(j).
4
Let b(t) = -t**3 - 8*t**2 - 8*t - 6. Let h be b(-7). Let a(u) = 3*u**3 - 3*u**2 - 4*u + 4. Let x(o) = o**3 + o**2. Let g(k) = h*a(k) - 2*x(k). Give g(5).
-16
Let u(b) = -b**3 - 4*b**2 + 5*b + 1. Let o = -6 - -13. Let s be (-2)/1 - (o - 11). Suppose -p + 0 = x + s, 3*p + x + 12 = 0. Give u(p).
1
Suppose 5*s + 24 = -4*v, -5*v + 2*s + 2*s - 30 = 0. Let x(k) = -k**3 - 5*k**2 + 6*k + 2. What is x(v)?
2
Let r be (-2)/((1/1)/(-3)). Let y(g) = g**2 - 6*g - 2. Let c be y(6). Let m be 0 + c/(r/(-9)). Let j(d) = d**3 - d**2 - 4*d - 1. Determine j(m).
5
Let f(p) = p**2 - p + 5. Let d be f(0). Let r = -4 + 6. Let z(x) = 4*x**3 - x**3 + d*x**2 + r - 4*x**3. Calculate z(5).
2
Let w(x) be the second derivative of -x**4/12 - 2*x**3/3 - 3*x**2/2 - 49*x. Determine w(-4).
-3
Let l(z) be the second derivative of -z**3/6 - 3*z**2 + z. Let y(w) = -w**3 + 2*w**2 + 3*w - 4. Let u be y(3). Give l(u).
-2
Let o = 22 - 15. Let f(p) = -p + 7. Determine f(o).
0
Let c(g) = -2*g**2 - g - 3. Let f(n) be the third derivative of -n**4/24 + n**3/6 - n**2. Let r(a) = -c(a) - 2*f(a). Determine r(-2).
3
Let n(o) = -o**2 + 1. Let i = -3 - -1. Let g be n(i). Let d(s) = -2*s**2 - 7*s + 3. Let v(y) = -y**2 - 3*y + 1. Let u(f) = -2*d(f) + 5*v(f). Determine u(g).
-7
Let u(p) = 7*p**3 - 20*p**3 + 1 - 3*p**2 + p**2. Let j(k) = -k**2 - 9*k - 13. Let w be j(-7). What is u(w)?
-14
Suppose c = 5*k + 10, -c + 3 = 2*k + 7. Let x(l) = l - 8. Give x(c).
-8
Let b(h) = -5*h**3 + h**2 - 8*h + 1. Let o(x) = -x**3 - x. Let i(q) = -b(q) + 6*o(q). Determine i(1).
-1
Suppose 0 = 3*k - 4*w + 31, -5*k + 3*k - 2*w = 2. Let m(l) = 5*l**2 + 7*l + 3. Let h(q) = -14*q**2 - 21*q - 10. Let v(o) = 4*h(o) + 11*m(o). What is v(k)?
3
Let p(v) = -5*v + 1. Suppose 0 = 2*q - 0*q - 8. Let d = q - 8. Let j = d - -3. What is p(j)?
6
Suppose v - 5 = 3*i, -13 = 5*v - 3*i - 2. Let s(y) = -y - 4. Determine s(v).
0
Let s(p) be the second derivative of -p**3/2 + p**2 + 7*p. Determine s(2).
-4
Let j(r) be the third derivative of r**7/420 - r**6/120 + r**5/120 - r**4/24 - 2*r**3/3 - 3*r**2. Let c(t) be the first derivative of j(t). Calculate c(2).
5
Let p(w) = w**3 - 9*w**2 - 11*w + 13. Let k be p(10). Let t(u) = u + 1. Determine t(k).
4
Let y(i) = -4*i**3 - 4*i**2 + 9*i - 1. Let l(g) = -3*g**3 - 4*g**2 + 8*g - 1. Let b(h) = -3*l(h) + 2*y(h). Give b(-5).
6
Let k(h) = -h**2 - 3*h + 5. Let o(w) = w**2 + 4*w - 4. Let f(m) = -2*k(m) - 3*o(m). Suppose 3*u + p + 18 = -2*p, -2*p - 5 = u. Calculate f(u).
-5
Let g = -1 + 7. Let t(o) = 0*o - 4*o + 4*o + 3*o + g. Calculate t(-4).
-6
Let i be 1*0*(-3)/12. Let w(d) = -d**3 - d**2 + d + 4. Determine w(i).
4
Let k = -3 - -8. Suppose k*a - 2 - 3 = 0. Let g(f) = -4*f**2 - 1. Calculate g(a).
-5
Let r(w) = -3*w - 6. Suppose a + 5*l = 6, 2*a - 3*l = -l - 12. Let s be ((-8)/(-4))/((-2)/8). Let k = s - a. What is r(k)?
6
Suppose -2*a + 5 = -3. Let m(r) be the second derivative of r**4/6 - r**3 + r**2 - 11*r. Calculate m(a).
10
Let n(y) = 6*y**2 + 10*y. Let k be 2/(-3)*27/18. Let s(d) = d**2 + d. Let o(m) = k*n(m) + 5*s(m). Determine o(-4).
4
Let n(h) be the second derivative of -7*h**3/6 + h**2 - 6*h. Give n(2).
-12
Suppose -u + 2*r + 14 = 3, 0 = 3*r + 9. Let l(o) = 2*o + 0*o - u + 1 - o. Let q = 0 - -3. Determine l(q).
-1
Suppose 0 = -r - 4, 3*r = t - 8 - 6. Let c = 18 + -14. Let z(n) = 3*n - 3 + c*n - 3*n. Give z(t).
5
Suppose 3*m - 12 = -0. Suppose -i = m*b + 8, 3*b = 2*i + 2 - 8. Let t(h) = -6 + 2 - h + i*h. Calculate t(0).
-4
Let b(n) = 4*n**3 + 3*n**2 + 11*n + 8. Let r(a) = -2*a**3 - a**2 - 4*a - 3. Let g(x) = -3*b(x) - 8*r(x). Calculate g(-1).
-4
Let n(o) = -o**2 - 8*o + 4. Let p(t) = -t**2 - 7*t + 4. Let v(a) = -5*n(a) + 6*p(a). Let l be v(-3). Let f(r) = -r + 1. Give f(l).
0
Let j = 6 + -3. Let k(g) = 1 - j + 2 + 13*g. What is k(1)?
13
Let g(b) = -b**3 + 2*b**2 + b. Suppose 0 = 3*d - 4*j - 25, 2*j + j + 18 = 2*d. Give g(d).
-6
Let y(t) be the second derivative of -t**5/5 + t**4/12 + t**3/6 - t**2/2 - 11*t. Calculate y(1).
-3
Suppose 0 = 3*w - w - 4. Let o(u) be the second derivative of -2/3*u**3 + 0 + 2*u + 1/2*u**2. What is o(w)?
-7
Let c = 25 + -23. Suppose i = -0*i + 15. Suppose c*j + i = 7*j. Let v(f) = f**2 - 3. Calculate v(j).
6
Let h(n) = -2*n + 7. Let i = 50 + -29. Let w = i - 15. What is h(w)?
-5
Let o(u) = -2*u - 27 - 17 + 45. Determine o(5).
-9
Let k(q) = -2*q - 6. Suppose 0*a - l = 3*a - 17, -l = -2*a + 8. Suppose m + 4*j = -4*m - 20, -4 = m - a*j. What is k(m)?
2
Let v(o) = 5*o**2 + 6*o**2 - 6*o**2 - o**3 - 5*o + 3. What is v(3)?
6
Suppose 24 = 4*l + 4*d, 3*l + 2*d - 9 - 5 = 0. Let z(n) be the second derivative of 0 + l*n - n**2 - 1/6*n**3. What is z(4)?
-6
Let v(c) = 5*c - 12 + 5 - c + 2*c. Determine v(5).
23
Suppose 0 = -2*x - 2*x + 20. Let k = x + -6. Let m(a) = 8*a**3 - a. Calculate m(k).
-7
Let n(z) be the second derivative of z**4/12 - 4*z**3/3 + z**2/2 - 21*z. Give n(6).
-11
Let j(u) = -u**3 + 11*u**2 + 2*u - 11. Let n(d) = -2*d**3 + 23*d**2 + 4*d - 22. Let t(m) = 7*j(m) - 3*n(m). What is t(8)?
5
Let y(z) = -3*z + 5*z + 1 + 1. Let a(j) = -2*j + 3. Let n be a(3). What is y(n)?
-4
Let y(f) be the second derivative of f**3/6 - 5*f**2/2 - 13*f. Determine y(4).
-1
Let t be 1/((-21)/9) - 108/42. Let w(n) = 3*n. Calculate w(t).
-9
Let m(y) = -y - 2. Let v(x) = -x - 2. Let w(d) = -3*m(d) + 2*v(d). Calculate w(-1).
1
Suppose -p - 2*n = 2*n + 10, 0 = -5*p - 2*n + 4. Suppose p*t + 0*t = -5*q - 17, -3*t - 3 = 0. Let m(w) = -w**3 - 2*w**2 + 4*w + 1. Give m(q).
-2
Let v(s) = 3*s**2 + 2*s - 2. Let d(k) = -k**2 - 1. Let x(p) = -2*d(p) - v(p). Suppose 0 = 4*w - 8. Let t be 10*w*(-2)/8. Determine x(t).
-11
Let a(m) = m**2 - 2*m + 1. Let h(c) = c**2 - 10*c - 4. Let s be h(10). Let y = -2 - s. Let u be (-4)/y*(1 + -2). What is a(u)?
1
Let y(z) = -10*z - 1. Let o(v) be the second derivative of v**3/6 - 2*v. Let u(q) = -22*o(q) - 2*y(q). Give u(4).
-6
Let o(h) = -4 - 11*h - 11*h + 23*h. Give o(-4).
-8
Let w = 4 + -2. Let y(g) = g**3 - 2*g**2 + 1. Determine y(w).
1
Let o(d) be the second derivative of -1/2*d**3 - 1/20*d**5 + 3/2*d**2 + 2*d - 5/12*d**4 + 0. Suppose 3*u + 10 + 2 = 0. Calculate o(u).
-1
Let j be ((-8)/4)/(2 + -1). Let w(n) be the first derivative of n**3/3 - n**2 - 3*n + 1. Determine w(j).
5
Let o be (4 - 2)/(-4*(-4)/(-56)). Let m(q) = -q**2 - 8*q - 5. Give m(o).
2
Let d(l) = l**2 + 2. Suppose 6*n - 2*n + 3*a - 17 = 0, 2*n = -a + 7. Suppose s - 3 = 3*j - 2*s, s + n = 2*j. What is d(j)?
11
Let r(f) be the first derivative of 3*f**2/2 + f - 6. Determine r(-5).
-14
Let g(u) = -u + 10. Let f be g(5). Let z(n) = -2*n + 3. Give z(f).
-7
Let h(k) = 3 - k - 5*k + 4*k. What is h(5)?
-7
Let h(x) = x**2 + 2. Let u be h(0). Let n(i) = -1 - 3 + i**3 + 3 - u*i + 2*i**2. What is n(-3)?
-4
Let n be (4 + (1 - 3))*1. Let z = n + -3. Let y(j) = 11*j**2 + j + 1. What is y(z)?
11
Suppose 4*x + 0 + 4 = 0, -2*u = -4*x + 12. Let j be ((-3)/(-2))/((-6)/u). Suppose j*s = 4*s - 6. Let z(l) = l**3 - 4*l**2 + 3*l - 4. Determine z(s).
-4
Let i(n) = -n**2 + 2. Let p be i(0). Suppose -h + 2*h + x = 0, x = -p*h + 3. Let s(w) = -w - 1. Calculate s(h).
-4
Suppose -3*u + 28 = -5*u. Let z be 10/u - 4/14. Let j(x) = -1 - x**2 - 7*x**2 + x**2 + x**2. Calculate j(z).
-7
Let b(m) be the first derivative of m**3/3 + 3*m**2 - 6*m - 5. Calculate b(-5).
-11
Let l be ((-1)/(-3))/((-1)/(-111)). Let u be 4/(-10) - l/(-5). Suppose -u = 3*x - 22. Let g(q) = -q**2 + 6*q - 1. Give g(x).
4
Let z(f) = -2*f - 3. Let y be z(-4). Suppose 5*w + y*o = -20, -5*w + 6*o - 3*o = -4. Let m(q) be the second derivative of q**4/2 - q. Determine m(w).
6
Let w(i) = -i + 5. Suppose h = -z - 1, -9 = -3*h + 3*z - 2*z. Suppose -h*d + 3 + 7 = 0. Give w(d).
0
Suppose 17 + 8 = 5*m. Let t(v) = 6*v - 3. Let q be t(2). Suppose -q = m*w + 16. Let x(r) = -r**2 - 6*r - 2. Determine x(w).
3
Let n(v) = v**2 + 10*v - 2. Let b